inder when 57 is divided by z.
17
Suppose 0 = -0*d + d - 3*j - 8, -5*d + j = 16. Let s(u) = 2*u**2 + 23*u - 34. Calculate the remainder when (-576)/d + (0 - 1) is divided by s(-14).
35
Let l be 2/((-16)/(-10)) - (-113190)/616. Suppose 4*z - 275 = -3*h, 3*z - 23*h + 21*h = l. What is the remainder when z is divided by 45/4 - (-2)/(-8)?
10
Suppose 13*t + 2585 + 210 = 0. Let f = t + 309. Suppose 3*c + 5*r = f, 0 = 4*c + c - 4*r - 169. Calculate the remainder when c is divided by 11.
0
Suppose 400 + 695 = 73*t. What is the remainder when t is divided by 6?
3
Suppose 0 = 11*d - 24*d + 741. Suppose 2*o + 37 = 4*j - d, -2*j = -5*o - 67. What is the remainder when 112 is divided by j?
7
Suppose 2*k + 4*v + 7 = 145, -4*v = -16. What is the remainder when (-44 + 1)/((-6)/102) is divided by k?
60
Let r(q) = -q**2 - 16*q + 94. What is the remainder when r(-18) is divided by 2?
0
Suppose -3 + 13 = -5*y. Suppose 703*b = 508*b + 2340. What is the remainder when b is divided by (-2 - 4/y) + 3?
0
Suppose 243 = -8*g + 5*g. Let z be g/(-54)*(-8)/(-3). Suppose z*a - 8*a + 210 = 2*l, -2*a = -l - 115. What is the remainder when a is divided by 31?
24
Suppose -1021*m = -1086*m + 17680. What is the remainder when m is divided by 21?
20
Let o be ((-148)/(-4) - -1)*2 - 1. Suppose -h - 33 = -o. What is the remainder when h is divided by 11?
9
Let c(a) = -a**3 + 92*a**2 + 1133*a + 12. Calculate the remainder when 478 is divided by c(-11).
10
Let c be ((-244)/8*4)/(-1). Suppose 4*r + 4*j = 292, 4*j = 3*r - c - 83. What is the remainder when 139 is divided by r?
68
Suppose 0 = 17*m + 29*m - 21*m - 6000. Calculate the remainder when m is divided by 130.
110
Let v be (-4)/(-10) - 248/(-155). Suppose 1431 = 7*l + v*l. What is the remainder when l is divided by 20?
19
Suppose d + 1 = 2*f - 4*d, 0 = -f - 3*d - 5. Suppose 1600 = -7*h + 2160. Calculate the remainder when h is divided by 56/f*(-2)/4.
10
Let z(v) = -10*v + 0*v**2 + 2*v**2 + 0 - 4*v + 16. Suppose -25*j + 26*j = 9. Calculate the remainder when z(j) is divided by 27.
25
Let n(w) be the third derivative of w**5/60 + 7*w**4/24 + 7*w**3/6 + 17*w**2. Let j be n(-5). What is the remainder when 122 is divided by ((j - -33) + 1)*1?
29
Suppose 5*a = -10, 0 = 121*u - 117*u - a - 750. Calculate the remainder when u is divided by 14.
5
Suppose 2*z = -d + 77, -2*d = -9*z + 11*z - 152. Suppose -4*l + 2*m = d - 189, 88 = 3*l + m. Calculate the remainder when 101 is divided by l.
14
Suppose 0 = -4*p + 3*g + 2811 + 2625, 0 = -5*p + g + 6784. What is the remainder when p is divided by 9?
6
Let m = -57 + 37. Let c be (-2 + 1)/((m/8)/5). Calculate the remainder when (-20)/6*((-86)/5 - c) is divided by 17.
13
Let j = 315 - 214. Let w be (405/(-90))/((-1)/2). Suppose 2*b - 7 = -g, -5*b + w*b + 37 = g. Calculate the remainder when j is divided by g.
16
Suppose 0 = -3*f - 2*t + 4546, 19*f + 2*t = 21*f - 3054. Calculate the remainder when f is divided by 170.
160
Suppose -451*u = -403*u - 39552. Calculate the remainder when u is divided by 117.
5
Let a(m) = m**3 - 4*m**2 - 156*m + 1677. Calculate the remainder when a(10) is divided by 72.
69
Let n be ((-24)/5)/((-1)/5). Suppose -n*u + 52 = -22*u. Let t = 62 + 14. What is the remainder when t is divided by u?
24
Let d = -11650 - -11674. Calculate the remainder when 805 is divided by d.
13
Suppose 2*b = 4*q - 0*b + 6, -4*b = 5*q + 14. Let y be 204/36 - q/6. What is the remainder when 32 is divided by y*(-18)/(-12)*(-8)/(-6)?
8
Suppose 4 = 9*n - 5*n, 0 = 4*y + 3*n + 2429. Let s = y - -725. What is the remainder when s is divided by 3?
0
Suppose 48 = 9*a - 17*a. Let b(d) = d**3 + 6*d**2 - 10*d - 16. What is the remainder when 167 is divided by b(a)?
35
Suppose t = 142 - 25. Suppose -w - 4*w - 2*j = 74, -w - j = 16. Let b = t - w. What is the remainder when b is divided by 33?
32
Let q = 28244 + -27050. Calculate the remainder when q is divided by 586.
22
Suppose -7*p - 5*p = -48. Suppose -p*t = 0, 7*t + 39 = 3*j + 2*t. Calculate the remainder when ((-2)/(-4))/(2/96) is divided by j.
11
Let v = -46 - -58. Suppose v*z - 5*z = 84. Suppose -z = -31*i + 27*i. What is the remainder when 14 is divided by i?
2
Let i be 2118/14 + (-6)/21. Let j = i + -147. Calculate the remainder when 4/14 + (-468)/(-28) is divided by j.
1
Let i(k) = -141*k - 562. Let g(f) = -13*f. Let p be g(-4). Suppose 3*j = -j + p. What is the remainder when j is divided by i(-4)?
1
Suppose 170*k = 52*k + 3594 + 5492. What is the remainder when 80 is divided by k?
3
Suppose 2*t - 3*b - 12 = 27, t + b = 7. Suppose 422 = 10*w + t. What is the remainder when 79 is divided by w?
38
Suppose 5*q - g = 1612, 3*q - 9*g = -4*g + 976. Let x = q + -157. Calculate the remainder when x is divided by -2 - (2 + -3) - -25.
21
Let a be (-7)/(11 + -4)*(-10)/2. Suppose -2 = -5*z + 4*u, 3*z = 7*z - a*u + 2. Suppose 520 = z*o + 8*o. Calculate the remainder when 206 is divided by o.
50
Let n = -881 + 1180. Calculate the remainder when 897 is divided by n.
0
Suppose l - 3*h - 90 = -5*h, -3*l + 3*h + 261 = 0. Suppose l - 42 = r. Let q = r - 18. What is the remainder when q is divided by 18?
10
Let c be 3365/7 + 10/35. Let s = 572 - c. Calculate the remainder when s is divided by 43.
5
Let c(l) = -10*l + 2. Let s be c(0). Calculate the remainder when 114 + (s - (1 + -4)) is divided by 42.
35
Suppose 7*y + 3*x + 22 = 2*y, -2*x - 8 = 0. Let n(h) = -2*h**3 - 8*h - 9. Calculate the remainder when 110 is divided by n(y).
18
Let i(h) = -h**2 + 6*h - 10. Let k be i(6). Let n(p) = 17*p + 178. Calculate the remainder when 229 is divided by n(k).
5
Suppose -4*z - 16*z - 6220 + 34020 = 0. Calculate the remainder when z is divided by 13.
12
Suppose 5*s - 1165 = -2*u, -s - u = 30580 - 30816. Suppose 5*m = -19 + 4, m = -5*h + 42. What is the remainder when s is divided by h?
6
Suppose 5*n + 94 = 2*m, -n + 2*n = m - 44. Suppose 39*q - m*q = -63. Calculate the remainder when (-63 - -6)/(-1 + 0) is divided by q.
15
Suppose 5 + 28 = d. Calculate the remainder when (-2849)/(-44) + (7/(-35) - 63/(-140)) is divided by d.
32
Let m = 555 - 537. Suppose j - 3 = 7. Calculate the remainder when m is divided by j.
8
What is the remainder when (-630)/28*96/(-18) is divided by 26?
16
Suppose 1213 = 15*b + 913. What is the remainder when 1136 is divided by b?
16
Calculate the remainder when 1188 is divided by (-61152)/(-780)*(-15)/(-6).
12
Let u = 274 - 163. Suppose 3*l - 3*g - u - 129 = 0, -g = 4*l - 345. What is the remainder when l is divided by 18?
13
Let l be -787 - (-4 + 4)/6. Let y = l + 1108. Calculate the remainder when y is divided by 7.
6
Let g = 606 - 598. What is the remainder when 62/(1/(3/2)) is divided by ((0 - -3) + -24)/(g - 9)?
9
Let t(y) = -291*y - 1148. What is the remainder when 400 is divided by t(-4)?
0
Suppose -116 = 3*d + 5*t, 65 = 4*d - 3*t + 268. Let k = 60 + d. What is the remainder when 37 is divided by k?
11
Let h = -10052 + 10067. Calculate the remainder when (-343)/(-7) + (3 - 1) is divided by h.
6
Suppose -w - 8 - 8 = 0. What is the remainder when (51/4)/((-4)/w) is divided by 1*(-15)/(-18) - (-302)/12?
25
Calculate the remainder when (-4)/(-14) + 4882/14 is divided by (-1131)/(-145)*((-14)/(-24) - 1)*-4.
11
Let i(j) = -7517*j + 93. Let u be i(9). Calculate the remainder when (-4)/(-20) + (u/(-25))/8 is divided by 57.
53
Calculate the remainder when 395 is divided by 24 + (-16 - -3 - -45).
3
Suppose -477 = 6*n + 231. Let s = 149 + n. What is the remainder when s is divided by 18?
13
Let t = 204 + -147. Let n = -51 - -54. Let p(x) = 2*x**2 + 9*x - 15. What is the remainder when t is divided by p(n)?
27
Calculate the remainder when 22098 is divided by ((-62)/4 - -9)*-8 + -3.
48
Suppose -130*c - 524167 + 1990998 = -63*c. What is the remainder when c is divided by 123?
122
Suppose -715 = -5*n - 2*o, -4*o = 4*n - 34 - 526. What is the remainder when 858 is divided by n?
133
Let t(b) = -b**3 + 182*b**2 + 374*b - 1095. Calculate the remainder when 820 is divided by t(184).
1
Let y(s) = s**3 + 54*s**2 - 177*s - 123. What is the remainder when 755 is divided by y(-57)?
98
Let r(l) = -l**3 - 7*l**2 - 8*l + 6. Let o = -5 + -3. Let j(c) = -c**2 - 17*c - 7. Calculate the remainder when j(o) is divided by r(-6).
11
Let q = 18206 + -18178. What is the remainder wh